t v(r) = -128*r - 6890. Determine v(-37).
-2154
Let l(u) = u**3 - 279*u**2 + 16710*u - 1152. Determine l(192).
0
Let j(k) = k**3 - 33*k**2 - 17*k + 251. Give j(14).
-3711
Let i(v) = 7*v**2 + 2400*v - 11961. Give i(5).
214
Let t(l) = l**3 - 145*l**2 - 4*l - 301. Determine t(0).
-301
Let o(j) = -12073*j - 107694. Calculate o(-9).
963
Let i(t) = -5*t**3 + 91*t**2 - 207*t + 100. Calculate i(2).
10
Let v(p) = -67221*p + 134253. Give v(2).
-189
Let v(h) = 2*h**3 + 33*h**2 - 12*h + 753. Give v(-18).
-3
Let p(l) = -l**3 + 13*l**2 + 1738*l - 15869. Calculate p(9).
97
Let x(g) = 73*g - 679. Give x(14).
343
Let q(s) = s**3 - 3*s**2 - 651*s + 43. Calculate q(26).
-1335
Let u(r) = r**3 + 70*r**2 - 123*r + 1533. Give u(-72).
21
Let o(y) = y**2 - 148*y + 3250. Determine o(34).
-626
Let h(t) = 2358*t - 72194. Determine h(31).
904
Let b(x) = -x**2 + 13099*x - 587456. Give b(45).
-26
Let y(u) = 2*u**2 - 95247*u + 666629. Determine y(7).
-2
Let c(t) = -49*t**2 - 1763*t - 435. Determine c(-36).
-471
Let t(d) = -11261*d - 40. Give t(0).
-40
Let w(a) = -2*a**3 + 540*a**2 + 1056*a + 8687. What is w(272)?
-17
Let b(s) = 760*s - 58421. What is b(77)?
99
Let k(t) = -3*t**2 - 101270*t + 303831. Give k(3).
-6
Let o(d) = 2196*d - 384742. Calculate o(175).
-442
Let f(l) = -4*l**3 + 5*l**2 - 124*l + 235. Determine f(2).
-25
Let x(m) = m**2 - 2436*m + 928446. What is x(473)?
-53
Let k(r) = 2544*r - 86202. Give k(34).
294
Let a(c) = 670*c - 20963. Give a(31).
-193
Let j(z) = 2*z**3 + 484*z**2 - 973*z - 887. Give j(-244).
-1619
Let g(h) = 291936*h + 1167718. Calculate g(-4).
-26
Let w(i) = 2*i**3 - 18*i**2 + 32*i + 17. What is w(7)?
45
Let d(s) = 5965*s + 214168. Give d(-36).
-572
Let r(d) = -812*d + 112070. Give r(138).
14
Let v(b) = -b**3 - 31*b**2 - 271*b - 62. Determine v(-13).
419
Let o(v) = -17178*v + 343553. Determine o(20).
-7
Let d(u) = u**3 - 21*u**2 - 216*u + 1093. What is d(5)?
-387
Let y(b) = 14734*b + 294673. Calculate y(-20).
-7
Let y(c) = 4*c**3 + 21*c**2 - 285*c + 497. Calculate y(2).
43
Let h(d) = 5*d**2 - 926*d + 2615. Calculate h(3).
-118
Let f(t) = 3*t**2 - 446*t + 1695. Calculate f(145).
100
Let s(h) = -h**3 + 57*h**2 + 19*h - 4209. Give s(56).
-9
Let l(d) = 9125*d + 5958619. Give l(-653).
-6
Let r(q) = -333*q**2 - 5325*q + 41. Give r(-16).
-7
Let h(q) = 46765*q - 1964133. Give h(42).
-3
Let a(j) = j**2 + 1579*j + 6310. What is a(-4)?
10
Let o(f) = -f**2 - 2570*f - 436846. What is o(-183)?
-25
Let m(c) = c**3 + 1348*c**2 - 9634*c + 1018. Determine m(7).
-25
Let w(u) = -278*u + 5309. Determine w(17).
583
Let j(p) = 2*p**2 - 836*p + 6548. Calculate j(8).
-12
Let d(z) = 3*z**2 + 1801*z + 248. Give d(-600).
-352
Let i(b) = -620*b**2 + 47*b + 37. Give i(-1).
-630
Let h(j) = -7*j**3 + 9*j**2 + 59*j + 48. Give h(-1).
5
Let q(j) = j**3 - 437*j**2 - 2663*j + 2015. Determine q(443).
-200
Let j(h) = -h**3 - 26*h**2 - 81*h - 48. Determine j(-22).
-202
Let b(p) = 3725*p + 197480. Give b(-53).
55
Let a(q) = -87817*q + 1668539. Determine a(19).
16
Let x(o) = -45*o**3 - 1362*o**2 - 363*o - 89. Determine x(-30).
1
Let z(b) = -960*b**2 + 3893*b + 6. Give z(4).
218
Let d(j) = 19*j**2 - 1247*j + 7811. Determine d(7).
13
Let g(t) = 8278780*t - 57951446. What is g(7)?
14
Let d(c) = -2*c**3 + 9*c**2 + 26*c + 47. Calculate d(-3).
104
Let k(v) = -30623*v - 30610. Give k(-1).
13
Let w(v) = v**3 + 2*v**2 + 12*v - 489. Give w(11).
1216
Let j(n) = -2243*n - 49364. Calculate j(-22).
-18
Let b(c) = 80863*c + 566042. Determine b(-7).
1
Let i(v) = 72224*v + 51134596. Determine i(-708).
4
Let h(g) = -4*g**3 - 582*g**2 - 566*g - 125292. Calculate h(-146).
-24
Let u(c) = 8758*c + 297670. Calculate u(-34).
-102
Let a(p) = -p**3 + 26*p**2 + 123*p - 1290. Give a(6).
168
Let u(a) = -7*a**3 - 3382*a**2 + 6302*a - 1425. Determine u(-485).
30
Let f(n) = n**3 + 43*n**2 + 147*n - 2775. Give f(-37).
0
Let r(k) = k**3 + 181*k**2 - 1318*k - 174220. Calculate r(-183).
-4
Let k(g) = -79*g + 8248. Calculate k(103).
111
Let z(u) = u**2 - 91*u + 69. Calculate z(-20).
2289
Let z(j) = j**3 + 197*j**2 - 10601*j + 901. Give z(-241).
178
Let o(c) = -7041*c + 7039. What is o(1)?
-2
Let d(c) = -c**3 + 78*c**2 - 248*c - 8578. Calculate d(73).
-37
Let a(k) = -34*k**3 + 20229*k**2 + 722*k - 75582. Calculate a(595).
-17
Let x(s) = 1781*s - 53748. What is x(30)?
-318
Let a(y) = -5*y**3 - 440*y**2 + 11*y + 635. Give a(-88).
-333
Let s(r) = -59*r**2 + 2538*r + 19. Calculate s(43).
62
Let w(h) = -9*h**3 - 73*h**2 + 113*h + 972. What is w(-8)?
4
Let d(c) = 537694*c + 1613111. What is d(-3)?
29
Let f(p) = -p**2 - p - 200. Determine f(-24).
-752
Let m(n) = -3*n**2 - 345*n - 3613. What is m(-12)?
95
Let m(n) = -917*n**2 + 7335*n + 5. Determine m(8).
-3
Let d(t) = 3*t**3 + 3*t**2 - 994*t - 4953. Determine d(-5).
-283
Let x(q) = -447*q**2 + 16*q - 27. What is x(3)?
-4002
Let i(l) = -23497*l - 1386412. Calculate i(-59).
-89
Let q(x) = 5*x - 590. Give q(5).
-565
Let g(f) = f**3 + 4*f**2 - 6*f + 44. Calculate g(-7).
-61
Let g(s) = 484432*s - 1937666. What is g(4)?
62
Let d(x) = 15*x**2 - 322*x + 2032. Give d(11).
305
Let f(t) = -11*t**3 - 2919*t**2 - 3957*t + 803. Calculate f(-264).
11
Let a(y) = -7*y**2 + 969*y - 14452. Determine a(17).
-2
Let r(b) = 3*b**3 + 84*b**2 - 309*b + 176. Determine r(-31).
1106
Let d(g) = -3*g**3 - 64*g**2 - 5*g - 860. Give d(-21).
-1196
Let a(t) = 28*t**2 - 1453*t - 15553. What is a(61)?
2
Let d(q) = 2167357*q - 2167362. Give d(1).
-5
Let a(v) = 565*v - 107383. Calculate a(190).
-33
Let l(p) = -173297*p + 693184. Give l(4).
-4
Let t(y) = 565*y + 2331. What is t(-5)?
-494
Let b(p) = 88*p**2 + 543*p + 150. Determine b(-6).
60
Let m(x) = x**3 - 1609*x**2 - 1917*x + 494274. What is m(1610)?
4
Let b(z) = -4*z**2 + 1379*z - 18754. Determine b(331).
-549
Let z(r) = -r**3 + 28*r**2 - 44243*r + 1193866. Determine z(27).
34
Let u(j) = 5*j**3 - 1665*j**2 + j - 18. Give u(0).
-18
Let k(p) = p**2 - 144*p + 5207. Calculate k(133).
3744
Let n(v) = 10*v**2 + 4408*v + 30369. Calculate n(-7).
3
Let w(k) = -209*k**2 - 1642*k + 219. Calculate w(-8).
-21
Let w(t) = -8*t**3 + 613*t**2 - 384*t + 126. Give w(76).
-178
Let s(l) = 3742*l + 48778. Give s(-13).
132
Let g(y) = 45608*y - 7479707. What is g(164)?
5
Let t(k) = -904*k**2 + 7234*k - 21. Calculate t(8).
-5
Let i(m) = 4*m**2 - 67914*m - 3815729. What is i(-56)?
-1
Let r(d) = -35832*d + 1039129. Give r(29).
1
Let v(x) = 613*x + 14658. Determine v(-24).
-54
Let h(i) = 29*i**2 + 585*i + 861. Calculate h(-20).
761
Let i(v) = v**3 - 2*v**2 - 5105*v + 16. What is i(0)?
16
Let m(i) = 8*i**3 + 31*i**2 - 274*i - 1071. What is m(-4)?
9
Let s(r) = -6473*r**2 + 64727*r + 1. What is s(10)?
-29
Let k(u) = -15*u**2 + 203*u + 59. Calculate k(8).
723
Let b(q) = -q**3 + 114*q**2 - q - 42. What is b(0)?
-42
Let j(c) = c**3 + 181*c**2 + 3367*c + 1125. What is j(-160)?
5
Let z(u) = 4*u**3 - 238*u**2 + 137*u - 1099. What is z(59)?
22
Let f(j) = 2*j**2 - 513*j + 20808. Determine f(206).
2
Let x(m) = -313*m**2 + 10777*m + 29737. Determine x(37).
-11
Let a(n) = 2730*n**2 + 8198*n - 10. Determine a(-3).
-34
Let n(m) = 422*m**2 + 75*m + 11. Calculate n(-1).
358
Let u(m) = -20*m**2 - 7061*m - 28280. Calculate u(-349).
-11
Let p(c) = 78*c - 7663. Give p(77).
-1657
Let g(t) = t**3 + 50*t**2 + 660*t + 27017. Give g(-48).
-55
Let m(n) = -5*n**2 - 1067*n - 40463. Determine m(-164).
45
Let c(m) = -2*m**2 + 755*m - 29352. Calculate c(44).
-4
Let v(h) = -13964*h - 460776. What is v(-33)?
36
Let c(d) = -34*d**2 + 68*d + 557. What is c(-9)?
-2809
Let c(v) = -1439*v - 14388. Determine c(-10).
2
Let b(q) = q**3 + 321*q**2 + 2451*q - 16581. What is b(-313)?
8
Let b(t) = 938*t - 27880. Give b(30).
260
Let p(k) = -23*k**2 - 583*k - 237. Determine p(-25).
-37
Let i(p) = p**3 - 7*p**2 + 13*p - 313. Give i(11).
314
Let l(z) = -5*z**3 - 129*z**2 + 91*z + 1686. What is l(-26)?
-4
Let b(s) = -3*s**3 - 18*s**2 + 49*s + 367. Give b(-9).
655
Let r(z) = 32*z**2 + 1874*z - 14647. What is r(7)?
39
Let f(t) = -78*t**2 + 41817*t - 88106. Give f(534).
4
Let x(h) = -9365*h + 27679. What is x(3)?
-416
Let d(a) = -13021*a**2 - 1132827*a + 15. Calculate d(-87).
15
Let o(g) = 209*g**2 - 31000*g - 21002. Give o(149).
7
Let j(n) = 22*n**3 - 146*n**2 + 60*n + 44. Determine j(7).
856
Let v(z) = -2*z**2 - 2049*z - 381963. Determine 